vided by j(-3)?
7
Suppose -7*v - 1495 = -12*v. Calculate the remainder when v is divided by 60.
59
What is the remainder when (250/4)/((-2)/(-4)) is divided by 32?
29
Let t be 3/(-4) - (-1)/(-4). Suppose -u = -2 - 12. What is the remainder when u is divided by t + -2*(-1 - 2)?
4
Let y(w) = -w**2 - 21*w - 32. Calculate the remainder when 71 is divided by y(-17).
35
Let c(a) be the first derivative of -a**3/3 - 5*a**2/2 - 6*a - 1. Let j be c(-4). Calculate the remainder when (-4)/(-3)*3 - j is divided by 4.
2
Suppose -6 = 2*k + 2. Calculate the remainder when (-220)/(8/(-2)) + k is divided by 27.
24
Suppose 5*r - 401 = 3*x, 0 = r + r - x - 161. Let t be (-4)/(-6) + 445/3. Let p = t - r. Calculate the remainder when p is divided by 23.
21
Suppose 5*g - 11 + 1 = 0. Calculate the remainder when g is divided by 1*-1 + (2 - 0).
0
Suppose -4*t + 2*d = 7*d - 225, d + 183 = 3*t. Calculate the remainder when t is divided by 8.
4
Let v = 7 - 9. Calculate the remainder when (9/15)/(v/(-130)) is divided by 14.
11
Let t(h) = h**2 + 8*h - 4. Let r be t(-9). Suppose 3*g + 16 = r*g. What is the remainder when 31 is divided by g?
7
What is the remainder when 117 + (-4)/4*-2 is divided by 30?
29
Let u(i) = 3*i - 6. Calculate the remainder when 10 is divided by u(4).
4
Suppose -3*q + q + 36 = 3*n, 2*n + 56 = 2*q. Suppose q = k + k. What is the remainder when k is divided by -21*(2 + (-14)/6)?
5
Let t = -29 + 64. Suppose -3*i + 5*i = 4*m + 28, -3*i - 2*m + 42 = 0. Let o = i + -2. Calculate the remainder when t is divided by o.
11
Suppose -130 = -5*g - 2*x + x, -4*g + 2*x = -118. What is the remainder when 105 is divided by g?
24
Let z = -22 + 31. Let t = z - -4. Suppose p - 5*p = -100. What is the remainder when p is divided by t?
12
Suppose 4*r = r + 6. Suppose r*a - 6 = 14. Let f(l) = -l**2 - 10*l + 1. What is the remainder when f(-8) is divided by a?
7
Let y(n) = -2*n - 6. Let q be y(-5). Suppose -q*b - 34 = 86. Let r = b + 47. What is the remainder when r is divided by 6?
5
Suppose 0 = l - 2*l - 48. Let d be (l/28)/((-4)/14). Let h = d + -2. Calculate the remainder when 15 is divided by h.
3
Suppose m - 13 = -v, 3*m + 3*v - 53 = -m. What is the remainder when (-3)/(-4) + 97/4 is divided by m?
11
Let d(x) = 1 - 15*x - 4 + 1. Calculate the remainder when d(-3) is divided by 1*16 + 2/(-2).
13
Let a(c) = -c**2 + 8*c - 9. Let n be a(6). Suppose 4*f - 25 = 5*t + 15, -4*t = -n*f + 30. Calculate the remainder when 38 is divided by f.
8
Let s = -16 - -33. Calculate the remainder when 31 is divided by s.
14
Suppose -5*f - g = -177, 4*g + 27 = -f + 2*f. What is the remainder when f is divided by 19?
16
Let j(l) = l**3 - 5*l + 3. What is the remainder when 57 is divided by j(3)?
12
Calculate the remainder when (-10)/35 - 102/(-14) is divided by (-2)/(((-18)/(-15))/(-3)).
2
Let l = 234 + -164. Suppose -15 = -5*a - l. Let u = 4 - a. What is the remainder when 28 is divided by u?
13
Let c = -9 + 22. Calculate the remainder when 50 is divided by c.
11
Let p be 1*-2*3/2. Let z = -2 - p. What is the remainder when (-8)/(-10) - (-2)/10 is divided by z?
0
Suppose 5*b + w = 64, -4*b - w - 32 + 83 = 0. What is the remainder when 181 is divided by b?
12
Let q = -5 - 13. Let c be 4/1 + -3 - 55. Calculate the remainder when (-1362)/c + 4/q is divided by 13.
12
Suppose -4*m = -0*m - 236. Let c be m/1 - (-2 + 4). Suppose f - 3*s = -4*f + c, -2*s + 50 = 4*f. What is the remainder when 34 is divided by f?
10
Let r(b) = 2*b + 4. Let f be r(-6). Suppose 2*a = 6 + 26. Calculate the remainder when (-4)/(-16) - 246/f is divided by a.
15
Let t(x) = -x**3 + 2*x**2 + 2*x. Let j be t(2). Suppose 0*u = u + j. Calculate the remainder when (u/(-5))/((-3)/(-45)) is divided by 7.
5
Suppose -4*x = 5*m - 20, 6*m = m - x + 35. Calculate the remainder when 22 is divided by m.
6
Let u be (2/(-3))/((-22)/99). Suppose u*o = 5*x + 118, -5*o + 190 = -0*o - 5*x. What is the remainder when o is divided by 13?
10
Let u(v) = -v - 5. Let c be u(-5). Let n(d) = -d - 5*d**2 - 1 + 0 - d**3 + c*d**2. What is the remainder when 11 is divided by n(-5)?
3
Suppose -32 = f - 4*f + 4*m, 3*f - 35 = m. Calculate the remainder when 21 is divided by f.
9
Suppose 4*u - 14*u = -90. What is the remainder when 160 is divided by u?
7
Let g(v) = v + 7. Let j be g(-6). Calculate the remainder when (32/(-56))/(j/(-7)) is divided by 2.
0
Let u(p) = 3*p**2 + 4*p + 8. What is the remainder when 157 is divided by u(-4)?
37
Let w = -7 - -11. Calculate the remainder when 7 is divided by w.
3
Let y(k) = 10*k - 5. Calculate the remainder when 58 is divided by y(2).
13
Suppose p - 19 = -2*a, p = -0*p + 3*a + 19. What is the remainder when 74 is divided by p?
17
Let v = 206 - 169. What is the remainder when v is divided by (-45)/(-6)*8/3?
17
Let f(j) = -j**3 - 18*j**2 - 16*j + 21. Let g be f(-17). Suppose -21 = -g*y + 111. Calculate the remainder when y is divided by 18.
15
Let w = -72 + 80. Calculate the remainder when 62 is divided by w.
6
Suppose -4*t - 40 = -9*t. What is the remainder when -2 + 3 - 3 - -25 is divided by t?
7
Let g be 75/11 - (-4)/22. Suppose -2*u = y - 17, -4*y - g = 4*u - 71. What is the remainder when 28 is divided by y?
13
Let q be 5/(15/6) + 6. Suppose -q = -3*b - b. Suppose -k - 9 = -b*k. Calculate the remainder when 26 is divided by k.
8
Suppose -121 = -21*f + 10*f. Calculate the remainder when 0/(-2) + 129/3 is divided by f.
10
Suppose 0*u - 2*u - o = -44, 111 = 5*u + 3*o. Calculate the remainder when 123 is divided by u.
18
Suppose 8 = 6*m - 2*m. Let u(k) = 2*k**3 - k**2 + 2*k + 1. What is the remainder when u(2) is divided by 2*(0 - (-9)/m)?
8
Suppose -6*s = -2*s - 8. Let i(f) = -f**2 - 3*f - 1. Let u be i(-2). Suppose -4*a - u = s*k - a, 0 = k - a - 7. What is the remainder when 7 is divided by k?
3
Suppose -122 = 5*c + 3. Let u = -66 + 31. Let q = c - u. Calculate the remainder when q is divided by 4.
2
Let z(h) = h**3 + 7*h**2 + 8*h - 2. Let i be z(-6). Let y = i + 23. What is the remainder when 33 is divided by y?
6
Suppose -5*b = -k - 3*k - 94, -2*b + 48 = k. Calculate the remainder when b is divided by 5.
2
Let r = -16 + 22. Suppose -r = 5*f - 16. Let w(c) = c**2 - 6*c - 2. Calculate the remainder when w(7) is divided by f.
1
Let g(m) = -12*m**3 - m**2 + 1. Let j be g(1). Let a be (-8)/j - (-2)/(-3). Suppose a = -z - z + 32. Calculate the remainder when 30 is divided by z.
14
Let r = 3 - 3. Suppose 5*t - 2*v = 2*v + 485, r = -2*t - v + 181. Let n = t + -64. What is the remainder when n is divided by 10?
9
Let k(g) = 6*g**2 + g + 1. Suppose 3*h - 52 + 10 = 0. Calculate the remainder when k(2) is divided by h.
13
Let l = -21 - -48. Suppose -3*y + 525 = 5*d, -4*y = 14*d - 11*d - 315. What is the remainder when d is divided by l?
24
Suppose -17*a = -9*a - 184. Suppose 2*u - 40 = -3*u. Calculate the remainder when a is divided by u.
7
Let m = 127 - 63. Calculate the remainder when m is divided by 22.
20
Let x = 2 + 4. Let a(h) = -h**3 + 6*h**2 + 2*h - 9. Calculate the remainder when ((-4)/3)/((-1)/3) is divided by a(x).
1
What is the remainder when (0 - 3*-21)/1 is divided by 16?
15
Suppose 0 = 3*i - 3*o - 54, -4*o + 3*o + 26 = i. Let b(s) = 2*s - 8. What is the remainder when i is divided by b(8)?
6
Suppose -2*c - 2*c + 5*q - 2 = 0, 0 = 4*q + 8. Let m be 1/((-2)/c)*64. Let n = -41 + m. What is the remainder when n is divided by 19?
17
Suppose -4*f - 74 + 18 = 0. Suppose 2*z - 7*z - 130 = 0. Let p = f - z. Calculate the remainder when p is divided by 7.
5
Suppose f - 2 + 0 = 0. Suppose -n = f*n - 117. Suppose 16 = 5*p - n. Calculate the remainder when 20 is divided by p.
9
Let t(x) = -5*x - 8. What is the remainder when t(-12) is divided by 27?
25
Let i = -4 - -9. Suppose 0 = 5*s - 2*t + 3 - 43, -2*s - i*t = -16. Calculate the remainder when 21 is divided by s.
5
Suppose 4*c - 8*c + 16 = 0. Let y(j) = 2*j**3 - 5*j**2 + 6*j - 1. What is the remainder when y(c) is divided by 24?
23
Let w be 3*((-1)/(-3) + 1). Calculate the remainder when (36/(-8))/((-6)/20) is divided by (-86)/(-10) + w/10.
6
Let g(h) = h**2 - 2*h - 2. Let t be g(4). Suppose t*u - u - 15 = 0. Suppose -28 = -2*d - 0*d + u*y, -3*y = d - 32. What is the remainder when d is divided by 7?
6
Suppose -3*i = 42 - 495. Calculate the remainder when i is divi